-5))/(b/(-5)). What is the units digit of 38/6 - (-2)/w?
7
Let u = 122 - 87. Suppose -b + v + 4*v + u = 0, -35 = -2*b + 3*v. What is the units digit of (-3)/12 + b/8?
1
Let r(v) = -v**3 + 3*v**2 - v + 42. What is the units digit of r(0)?
2
Let v(l) = -l + 10. What is the units digit of v(-9)?
9
Let b(k) = -k**2 + 5*k + 2. Let i be b(4). What is the units digit of i/(-18) - 34/(-3)?
1
Suppose 5*w - i = 2*i - 1, -2*w + 3*i = 4. Suppose 2*x + 0*x + 2 = 0. What is the units digit of (-2)/((w/2)/x)?
4
Suppose -2*i + 4*t = 52 - 20, i + 11 = -3*t. Let k(z) = z**2 - 1. Let l be k(-3). What is the units digit of (-4)/1*i/l?
7
Let m = -2 - -14. Let l = -11 - -5. Let r = l + m. What is the units digit of r?
6
Let o = 84 - 58. Suppose 25 = 2*d + 3*n - 5, o = 2*d + n. What is the units digit of d?
2
Suppose 10 = f - 3*f. Let d(i) = i**3 + 4*i**2 + 2*i + 9. Let t(v) = -3*v**3 - 12*v**2 - 5*v - 26. Let y(n) = 17*d(n) + 6*t(n). What is the units digit of y(f)?
2
Let v = 32 + -6. What is the units digit of v/22 - 2/11?
1
Suppose 5*a + 55 = 2*a + 5*u, 35 = -a + 5*u. Let p be a/35 - (-61)/(-7). What is the units digit of (-12)/p - (-2)/3?
2
Let q be (276/(-16) + 2)*-4. Let p = 4 - -9. Suppose 4*j + p = q. What is the units digit of j?
2
Suppose -3*f - 5*j + 376 = 0, 0 = -4*j + 22 - 2. What is the units digit of f?
7
Suppose 4*h = h. What is the units digit of (h - -22)/(2 - 0)?
1
Suppose -k + 6 + 0 = 0. Let n = k - 3. Suppose n*b - 8 = b. What is the units digit of b?
4
Suppose -3*b + 3*j + 120 = 0, 0*b + 41 = b - 2*j. What is the units digit of b?
9
Suppose 5*a = a. Suppose a = -5*b + 2*b + 3*l + 9, 3*b + l - 9 = 0. Suppose -b*c = c - 24. What is the units digit of c?
6
Let v be (-2 + 0 - 1) + -1. Let x = v + 8. Suppose -15 = -h - x*h. What is the units digit of h?
3
Let z = 7 + -3. Suppose 60 = 2*p + 2*p. Suppose -z*k = k - p. What is the units digit of k?
3
Let r(c) = c**2 - 10*c - 3. What is the units digit of r(11)?
8
Let u = -2 - -5. Suppose 0 = -u*l - 6 + 45. What is the tens digit of l?
1
Let y = -1 + 8. Suppose 40 = 3*n + y. What is the tens digit of n?
1
Let b(s) = 10*s**3 + s. Let d = -6 - -5. Let i be b(d). Let g(o) = o**3 + 10*o**2 - 14*o - 14. What is the tens digit of g(i)?
1
Let a(v) be the third derivative of v**6/120 - v**5/20 + v**4/24 - v**3/2 - 3*v**2. Let m be a(3). What is the units digit of -7 + 9 - (-2 - m)?
4
Suppose -4*b + z = -78, -z = -5*b - 2*z + 102. Suppose 12 - 37 = -5*t. Suppose 0 = -3*w + t*w - b. What is the units digit of w?
0
Suppose q = 2*q - 4. Let t(v) = -16*v + 1. Let p be t(-1). Suppose -q*r + 15 = -p. What is the units digit of r?
8
Suppose 0 = g + 4*v - 70, g + 235 = 6*g - 3*v. Suppose 0 = -4*y - 2*i + g + 38, 4*y + 3*i = 90. What is the units digit of y?
1
What is the units digit of (-9)/(-45) + 458/10?
6
Suppose 5*h = 31 + 139. Let c = 56 - h. What is the tens digit of c*3*3/18?
1
Let r = 6 - 1. Suppose r*a - 39 = 111. Suppose -3 = -3*l + a. What is the tens digit of l?
1
Let i = -19 + 22. Suppose g + i = 11. What is the units digit of g?
8
Suppose 5*n + 2*u = 84, 3*u = 2*n - 7*n + 86. What is the units digit of n?
6
Suppose 11 = 4*t - 45. Let x = -2 + t. What is the units digit of x?
2
Let t = 6 - 1. Suppose t*d = 71 + 29. What is the units digit of d?
0
Let w = -42 + 68. What is the tens digit of w?
2
Let x(t) = t**3 + 6*t**2 + 3*t - 2. What is the units digit of x(-4)?
8
Let i(s) = -5*s**2 + 35*s + 28. Let d(w) = -w**2 + 9*w + 7. Let p(c) = -9*d(c) + 2*i(c). What is the units digit of p(-7)?
1
Let y(n) = n**2 + 8*n - 12. Let c = 15 + -25. What is the units digit of y(c)?
8
Let d be (-2)/((-22)/6 - -3). Let o be 1/3 + 10/6. What is the units digit of 32/6 + o/d?
6
What is the units digit of 3/24 - (-62)/16?
4
Suppose 0*h + 274 = 5*c + h, -3*c + 161 = 4*h. What is the units digit of c?
5
Let v = -11 - -20. What is the units digit of (-71)/(-4) - v/12?
7
Suppose -3*j = -0*j - 36. Let n = j - 3. What is the units digit of n?
9
Let n(h) = 5*h**3 - 18*h**2 + 24*h + 30. Let c(v) = 2*v**3 - 6*v**2 + 8*v + 10. Let i(z) = -8*c(z) + 3*n(z). Let b = 12 + -19. What is the units digit of i(b)?
3
Let d = 4 + -4. Suppose d = 5*u - 16 - 109. Suppose 7 = -3*x + u. What is the units digit of x?
6
Suppose 0 = -4*g + 491 + 113. What is the units digit of g?
1
Suppose 3*s - 5 = b - s, 0 = 5*b - s - 13. What is the units digit of b/9*21/1?
7
Let a(g) = -7*g. Let v(f) = 63*f. Let y(r) = -35*a(r) - 4*v(r). What is the units digit of y(-2)?
4
Let p(s) = s**3 - s**2 + 3*s + 7. Let y be p(6). Suppose 0*q - y = -5*q. What is the units digit of q?
1
Suppose -2*g = -3*g - 4*j - 5, 2*j = -g - 3. Let m be (-6)/(-4) + g/(-2). Suppose m*o - 19 = -3. What is the units digit of o?
8
Let x = 35 + -5. What is the tens digit of x?
3
Let w(g) = 3*g**2 - 2*g + 4. What is the tens digit of w(5)?
6
Let y be ((-4)/2 - -2)/1. Let l be y - -2 - 0 - 6. Let n = l - -7. What is the units digit of n?
3
Let l(a) = 20*a - 12. What is the units digit of l(7)?
8
Suppose c - 2*t - 61 = 0, 8*c - 7*c + 4*t = 67. What is the tens digit of c?
6
Let r(m) = 2*m - 11. Let l be r(8). Let h = l + -2. What is the units digit of h?
3
Let p = -2 - -3. Let c be (-2)/(-3) + 32/6. Let s = p + c. What is the units digit of s?
7
Let b = -10 - -16. Let j be (-3)/9 + 110/b. Suppose -z + j = 2*z. What is the units digit of z?
6
Let v = 3 + -3. Suppose v = -4*l - 4, 2*u + 0*l - 1 = -5*l. Suppose 0*i - 21 = -u*i. What is the units digit of i?
7
Let n = 19 + -12. Let d = 8 - n. What is the units digit of d?
1
Let n be (-186)/(-15) + 4/(-10). What is the tens digit of (-64)/n*18/(-4)?
2
Let l = 25 + 2. What is the units digit of l?
7
Suppose 6*v + 78 - 270 = 0. What is the units digit of v?
2
Suppose 2*y + 2 = 0, -c + 0*y + y = 0. Let l(d) = -20*d**3. What is the tens digit of l(c)?
2
Let r(y) = y - 1. Let q(z) = -5*z + 2. Let d(l) = -q(l) - 3*r(l). Let j be d(-1). What is the units digit of -3*(j + 0) + 0?
3
Let o(m) = -m**3 - 4*m**2 - 5*m - 1. What is the units digit of o(-3)?
5
Let y = 91 + -49. What is the units digit of y?
2
Suppose b + b - 68 = 2*a, -3*b = a - 82. What is the tens digit of b?
2
Let b be (140/6)/(6/18). Suppose -3*d + b = 2*d. What is the units digit of d?
4
Suppose -5*d = -25, 2*d + 2*d + 95 = 5*n. What is the units digit of n?
3
Suppose 4*b + 2*o - 12 = 0, 5*o = 2*b - 0*b + 6. Suppose -4*m = -v - 3*v + 20, 0 = b*v - 3*m - 5. What is the units digit of v?
0
Let w(f) = -2*f**2 + 4*f - 1. Let g(j) = j**2 - 4*j + 1. Let q(u) = -3*g(u) - 2*w(u). Let p be q(-3). Let y(z) = -z + 3. What is the units digit of y(p)?
7
Suppose 3*z + 0*v - v + 4 = 0, 5*z - v + 4 = 0. Suppose 2*c + c - 42 = z. What is the units digit of c?
4
Let o = 2 + 1. Suppose -5*i - 3*s = -6*s - 25, 0 = 4*s + 20. Let f = o - i. What is the units digit of f?
1
What is the units digit of ((-6)/(-4))/(1/6)?
9
Let o = -77 + 175. What is the tens digit of o?
9
Suppose -6*q - 6 = -4*q. Let c = 4 - q. What is the units digit of c?
7
Suppose -329 = -5*o - 114. What is the units digit of o?
3
Suppose 4*o + 44 = 3*o. Let h = o + 24. Let d = 39 + h. What is the units digit of d?
9
Suppose -3*l + 12 = 3. Let a(h) = h**2 + 5*h + 2. Let y be a(-5). Suppose y*x + 5 = l*x. What is the units digit of x?
5
Let w be 5 - 1/((-1)/(-2)). Suppose 0*d = 4*d + 4*k + 24, 3*k + 12 = w*d. Let q = 7 + d. What is the units digit of q?
6
Let v be (-130)/6 - 2/(-3). Let s = -13 - v. What is the units digit of s?
8
Suppose 0 = 4*i - k + 3*k + 2, -i - 3*k = 13. Suppose v + i*q - 12 = 0, 4*q + 3 = v + 21. What is the units digit of v?
2
Let d = 4 - 2. Suppose d = a - 3. Suppose a*c = -0*c + 50. What is the tens digit of c?
1
Suppose 9*t = 6*t + 102. What is the units digit of t?
4
Suppose 8*i - 7*i - 74 = 0. What is the units digit of i?
4
Let r = 40 - 22. Suppose 5*f - 2 = r. Suppose -6*k + k - 3*x = -14, f*k = -3*x + 13. What is the units digit of k?
1
Suppose u + 92 = 4*b, 0 = -b + 2*u + u + 12. What is the tens digit of b?
2
Suppose -3*p + p + 14 = -2*t, -5*p = t - 23. Let n be (t + (-6)/3)*2. Let q = n + 14. What is the units digit of q?
6
Let c(t) = -3*t**3 + 6*t**2 + 11*t + 10. What is the units digit of c(-3)?
2
Let s = 14 + -13. What is the units digit of s?
1
Suppose 5 = -4*v - 5*j - 2, v - 1 = -4*j. Let x(q) = -q**3 + q**2 + 2